ded by (21/(-5))/(12/15 + n)?
15
Let p(f) = -f**2 - 27*f - 99. Calculate the remainder when 235 is divided by p(-17).
22
Let n(m) = -m**2 - 71*m - 761. Let p = 81 + -18. Suppose p = 5*s + 8. Calculate the remainder when n(-55) is divided by s.
9
Let m = -68 - -113. Let j = -45 + m. What is the remainder when j/1 + (-111)/(-3) is divided by 10?
7
Calculate the remainder when (-15024)/(-42) - (-8 + 378/49) is divided by 55.
28
Let u be 60/(-16) - -4 - 54/(-8). Suppose 9*r = u*r + 68. What is the remainder when 202 is divided by r?
32
Let k = -4804 + 5168. Calculate the remainder when k is divided by 27.
13
Let g = -947 - -1226. Let b = g + -182. What is the remainder when b is divided by 41?
15
Let j = -114 - -201. Suppose -2*o = -5*i - 378, -3*i - 3*o = j + 123. Let x = i + 90. What is the remainder when 30 is divided by x?
14
Suppose 0 = -5505*t + 5520*t - 11280. Calculate the remainder when t is divided by 249.
5
Suppose -25*v + 494 = -320 + 214. Calculate the remainder when 131 is divided by v.
11
Let b be 1 - 3/4 - 354/8. Let u = -56 - b. Let w(y) = 2*y + 33. What is the remainder when 16 is divided by w(u)?
7
Let w be 6/15 + (-207)/(-45). Suppose -3*p = w*c - 14, -3*p + p - 4*c = -8. Calculate the remainder when 9 is divided by p.
1
Let i(u) = 33*u + 337. Suppose -3*n - 2*t - 95 = -8*n, 38 = 2*n + 4*t. Suppose -5*r + 184 = n. What is the remainder when r is divided by i(-10)?
5
Let l = -271 - -254. Let x = l - -57. Calculate the remainder when x is divided by 9.
4
Suppose 19 = -4*q - 13. Let i = q - -17. Let k = 9 + i. Calculate the remainder when k is divided by 7.
4
Let n(a) = -11*a + 1. Suppose 26*x - 225 = 17*x. Suppose 3*g - 31 - 44 = 3*f, -g - f = -x. What is the remainder when n(-4) is divided by g?
20
Let p be ((-5)/10)/(4 - 171/42). Suppose -10*v + p*v = -6, -3*v - 324 = -2*s. What is the remainder when s is divided by 24?
21
Let h be (-8*(-7)/(-84))/((-1)/(-36)). What is the remainder when (-3 + (-64)/h)*-879 is divided by 21?
20
Suppose 62*l + 20490 + 34628 = 0. Let w = 891 + l. Calculate the remainder when 135 is divided by w.
1
Let w(r) = -7*r**2 + 29*r + 15. Let t be w(-6). Let u = -352 - t. Suppose 4*i - 70 = i + 5*g, -i + 3*g = -26. What is the remainder when u is divided by i?
19
Let c = -99 + 150. Let r = c - 31. Suppose 2*u + 49 = 205. What is the remainder when u is divided by r?
18
Suppose 2*q = -0*q + 230. What is the remainder when q is divided by 23 - (-12)/(13 + -11)?
28
Let y = 7 + -4. Suppose 5*b + 3*k - 32 = 0, 4*b = -5*k + 43 - 7. What is the remainder when -2 + 14 - (6 - y) is divided by b?
1
Suppose v - 57*b + 58*b - 15 = 0, -2*v + 33 = b. Let q(l) = -l**3 + 5*l**2 + 4*l + 1. Calculate the remainder when q(5) is divided by v.
3
Suppose -228 = 2*r + 84. Let a = r + 141. Let q = 4 - a. Calculate the remainder when q is divided by 4.
3
Let d(v) = -228*v + 64. Let x be d(-2). Suppose 4*z - 479 = 5*h, -z + 262 = z + 2*h. Calculate the remainder when z is divided by (14/(-35))/((-8)/x).
22
Let x = -298 + 289. Let u(r) = -r**3 - 9*r**2 + 4*r + 56. Calculate the remainder when 38 is divided by u(x).
18
Suppose d - 2867 + 2843 = 0. What is the remainder when 397 is divided by d?
13
Let n(l) = -36*l**2 + 1116*l + 77. Calculate the remainder when 1230 is divided by n(31).
75
Suppose 40 = 1256*i - 1248*i. What is the remainder when 104 is divided by i?
4
What is the remainder when 2*(-158)/12*-6 is divided by 19?
6
Suppose -16 + 6 = -3*m + 2*m. Calculate the remainder when 546 is divided by m.
6
Let p(w) = w**3 + 11*w**2 + w + 20. Suppose 2*y + 3*g = -31, 24 = -3*y - 0*g + 3*g. Let j(n) = -6*n. What is the remainder when p(y) is divided by j(-1)?
3
Let x(h) = -h**3 - 4*h**2 - 14*h - 72. What is the remainder when 408 is divided by x(-5)?
17
Suppose 772 = 5*z - 153. Calculate the remainder when z is divided by (-3)/(-4*30/440).
9
Suppose -4*d = u - 18, -2*u + 15*d = 12*d + 19. Calculate the remainder when 135 is divided by 69/u*4/(-6).
20
Suppose 11*a - 82 - 160 = 0. Let x(p) = 0 + p**2 + 4 + 9 - 4. What is the remainder when x(10) is divided by a?
21
Suppose -3*j - 3*p = -18, 2*p = -26*j + 22*j + 28. Let h(v) = -v**3 + v**2 + v + 89. What is the remainder when h(0) is divided by j?
1
Let q = -35022 - -35059. What is the remainder when 1268 is divided by q?
10
What is the remainder when 247 is divided by 65 + -5 - (16 - 7)?
43
Let p be 165*((-25)/5)/(-15). Suppose 285 = -52*x + p*x. Let z = x - 89. Calculate the remainder when 14 is divided by z.
2
Let c = -24 + 68. Suppose c = 4*j - 140. Suppose -2*l = -2*a - j, -6*a - 5 = -5*a. Calculate the remainder when 31 is divided by l.
13
Suppose 4*u + 2*a = 86, -u - 201*a + 199*a + 26 = 0. Calculate the remainder when 6253 is divided by u.
13
Let s(l) = -6*l - 59. Let b = -333 - -615. What is the remainder when b is divided by s(-13)?
16
Let h(a) = -a**2 + 46*a + 391. Let g = 21 - 1. What is the remainder when h(52) is divided by g?
19
Suppose -2*w - 33 = 11. Let h(m) = -2*m + 11. Let p be h(w). Suppose -p*z - 105 = -56*z. Calculate the remainder when z is divided by 27.
24
Let h = -483 - -483. Suppose h*o - 1357 = -4*o - q, -2*o + 671 = 3*q. Calculate the remainder when o is divided by 38.
36
Let v = -76 + 37. Let x(s) = 46*s + 2574. Let z be x(-55). Let k = v + z. Calculate the remainder when 104 is divided by k.
4
Suppose -392 = 44*i - 13*i - 919. What is the remainder when 99 is divided by i?
14
Let h(i) = i**2 - 11*i - 15. Let w be h(14). Let a = w - 25. Calculate the remainder when 33 is divided by 23 + -1 - 0/a.
11
Let q = -33 + 33. Suppose 4*n - 7*n - 1044 = q. Calculate the remainder when n/(-10) - (-24)/(-30) is divided by 12.
10
Let l = 5183 + -4758. What is the remainder when l is divided by 213?
212
Let t = -25 - -51. Suppose 31*c = t*c - 255. Let s = c - -56. Calculate the remainder when s is divided by 3.
2
Suppose -8*b = -28*b + 1575 - 795. Calculate the remainder when b is divided by 12.
3
Suppose -4*u = t + 16, 5*u = t + 2 - 13. What is the remainder when 73 is divided by 5*(-4)/(-20)*(-60)/u?
13
Suppose -88*i + 87 - 26 = -2491. Calculate the remainder when 161 is divided by i.
16
Suppose -11*u = -136 + 37. What is the remainder when 628 is divided by 27/(-18)*(-42)/u?
5
Let y(k) = -49 + 17 + 27 - 129*k + 15. What is the remainder when y(-1) is divided by 29?
23
Suppose 4*y = t - 33, 5*t + 70 = -4*y + 19. What is the remainder when 2/((-4)/(-200)*5) is divided by (14/6)/((-3)/y)?
6
Let l(w) = 9*w**2 - 25*w - 6. Suppose -5*x - 58 = -3*y, 3*x = 2*y - 29 - 10. Calculate the remainder when l(4) is divided by y.
17
Suppose 5*q - 134 = -5*n + 511, 30 = -5*n. Calculate the remainder when 1753 is divided by q.
133
Let i(s) be the second derivative of -13*s**3/3 - 3*s**2/2 + 8*s. Let v = 44 + -27. What is the remainder when i(-2) is divided by v?
15
Calculate the remainder when 2406 is divided by 18/(-12)*((-2)/(-3))/(4/(-688)).
170
Let o be 184/12 + -1 + 6/9. Let x = 7 + o. Suppose -23*a + 36 = -22*a. Calculate the remainder when a is divided by x.
14
Let b(a) = -29*a**3 - a**2 - a. Let j = 160 + -161. What is the remainder when b(j) is divided by 12?
5
Suppose 12718 = 79*g - 11710 + 8549. Let a = 41 + -29. What is the remainder when g is divided by a?
9
Calculate the remainder when (-5)/(50/(-4)) + (142890/150 - -30) is divided by 9.
2
Let h(d) = -5*d - 16 + 8 + 0*d - 20. Suppose 0 = k - 0*k - 6. What is the remainder when k is divided by h(-6)?
0
Suppose p = -345 + 360. Let m(y) = -7*y - 8. Let x(k) = k**2 - 10*k + 9. Let g be x(8). Calculate the remainder when m(g) is divided by p.
11
Suppose -758 = -13*q - 17. What is the remainder when 355 is divided by q?
13
Let k(y) = 15*y**2 - 10*y - 93. What is the remainder when k(-6) is divided by 10?
7
Suppose -2*a - 3*i = -34, 85 = 3*a - 45*i + 41*i. Let d(j) = j**3 + 8*j**2 - 14*j + 22. Calculate the remainder when d(-9) is divided by a.
21
Suppose -38*w + 2048 = -42*w. Let i = w - -553. Calculate the remainder when 54 is divided by i.
13
Let o(r) = -38*r + 898. Calculate the remainder when 1114 is divided by o(22).
60
Let f = 73606 + -73564. Suppose 0 = -5*m + 143 + 252. What is the remainder when m is divided by f?
37
Suppose 0 = -2*n - 5*k + 4*k - 1, 0 = n - 4*k - 4. Suppose -14*m + 10*m + 464 = n. Calculate the r